{"id":143,"date":"2021-09-01T15:43:30","date_gmt":"2021-09-01T13:43:30","guid":{"rendered":"https:\/\/arcana.drakoo.fr\/?page_id=143"},"modified":"2021-10-12T15:12:09","modified_gmt":"2021-10-12T13:12:09","slug":"horoscope-deniers","status":"publish","type":"page","link":"https:\/\/arcazine.drakoo.fr\/index.php\/horoscope-deniers\/","title":{"rendered":"Horoscope Deniers"},"content":{"rendered":"<p>[et_pb_section fb_built=\u00a0\u00bb1&Prime; _builder_version=\u00a0\u00bb4.10.7&Prime; _module_preset=\u00a0\u00bbdefault\u00a0\u00bb background_image=\u00a0\u00bbhttps:\/\/arcazine.drakoo.fr\/wp-content\/uploads\/2021\/09\/Scan-14.jpg\u00a0\u00bb parallax=\u00a0\u00bbon\u00a0\u00bb custom_padding=\u00a0\u00bb0px||0px||true|\u00a0\u00bb bottom_divider_style=\u00a0\u00bbclouds2&Prime; bottom_divider_color=\u00a0\u00bb#ff9111&Prime; bottom_divider_height=\u00a0\u00bb142px\u00a0\u00bb locked=\u00a0\u00bboff\u00a0\u00bb global_colors_info=\u00a0\u00bb{}\u00a0\u00bb][et_pb_row column_structure=\u00a0\u00bb1_2,1_2&Prime; _builder_version=\u00a0\u00bb4.10.7&Prime; _module_preset=\u00a0\u00bbdefault\u00a0\u00bb max_width=\u00a0\u00bb2543px\u00a0\u00bb custom_padding=\u00a0\u00bb108px||191px|||\u00a0\u00bb global_colors_info=\u00a0\u00bb{}\u00a0\u00bb][et_pb_column type=\u00a0\u00bb1_2&Prime; _builder_version=\u00a0\u00bb4.10.7&Prime; _module_preset=\u00a0\u00bbdefault\u00a0\u00bb global_colors_info=\u00a0\u00bb{}\u00a0\u00bb][et_pb_image src=\u00a0\u00bbhttps:\/\/arcazine.drakoo.fr\/wp-content\/uploads\/2021\/09\/Horoscope-Denier-2.png\u00a0\u00bb title_text=\u00a0\u00bbHoroscope-Denier&#8212;2&Prime; show_in_lightbox=\u00a0\u00bbon\u00a0\u00bb align=\u00a0\u00bbcenter\u00a0\u00bb _builder_version=\u00a0\u00bb4.10.8&Prime; _module_preset=\u00a0\u00bbdefault\u00a0\u00bb custom_padding=\u00a0\u00bb||0px|||\u00a0\u00bb hover_transition_duration=\u00a0\u00bb600ms\u00a0\u00bb scroll_rotating_enable=\u00a0\u00bbon\u00a0\u00bb scroll_rotating=\u00a0\u00bb0|50|50|100|0\u00b0|0|30\u00b0\u00a0\u00bb global_colors_info=\u00a0\u00bb{}\u00a0\u00bb][\/et_pb_image][\/et_pb_column][et_pb_column type=\u00a0\u00bb1_2&Prime; _builder_version=\u00a0\u00bb4.10.7&Prime; _module_preset=\u00a0\u00bbdefault\u00a0\u00bb global_colors_info=\u00a0\u00bb{}\u00a0\u00bb][et_pb_text _builder_version=\u00a0\u00bb4.10.7&Prime; _module_preset=\u00a0\u00bbdefault\u00a0\u00bb header_3_font=\u00a0\u00bbHandlee||||||||\u00a0\u00bb header_3_text_color=\u00a0\u00bb#aa6320&Prime; header_3_font_size=\u00a0\u00bb21px\u00a0\u00bb header_3_line_height=\u00a0\u00bb1.6em\u00a0\u00bb background_color=\u00a0\u00bb#FFFFFF\u00a0\u00bb width=\u00a0\u00bb90%\u00a0\u00bb width_tablet=\u00a0\u00bb100%\u00a0\u00bb width_phone=\u00a0\u00bb100%\u00a0\u00bb width_last_edited=\u00a0\u00bbon|tablet\u00a0\u00bb module_alignment=\u00a0\u00bbcenter\u00a0\u00bb custom_margin=\u00a0\u00bb0px|||||\u00a0\u00bb custom_padding=\u00a0\u00bb27px||27px||true|false\u00a0\u00bb border_radii=\u00a0\u00bbon|34px|34px|34px|34px\u00a0\u00bb global_colors_info=\u00a0\u00bb{}\u00a0\u00bb]<\/p>\n<h3 style=\"text-align: center;\"><span style=\"font-size: x-large;\"><strong>L&rsquo;\u00eele de Deniers a un calendrier assez similaire \u00e0 celui de l\u2019\u00eele de Coupes, car, il y a fort longtemps, les deux \u00eeles se touchaient.\u00a0<\/strong><\/span><\/h3>\n<h3 style=\"text-align: center;\">Le signe astrologique de Deniers<br \/>se calcule par num\u00e9rologie :<br \/>On commence par additionner<br \/>tous les chiffres de la date de naissance.<br \/>Pour Camille, 15\/06\/2008 : 1+5+6+2+8 = 22<br \/>On multiplie ce nombre par le nombre de lettres du pr\u00e9nom :<br \/>Camille, 7 lettres : 22 X 7 = 154<br \/>On regarde ensuite dans le calendrier de Deniers<br \/>le nombre de l\u2019\u00e9l\u00e9ment de la saison.<br \/>juin = \u00e9t\u00e9 = OR ; 79 &#8211; 154\/79 = 1,949367<br \/>On additionne enfin les cinq premiers chiffres obtenus<br \/>(ou moins le cas \u00e9ch\u00e9ant) : 1+9+4+9+3 = 26<br \/>On r\u00e9duit encore pour trouver un nombre entre 1 et 9 :<br \/>2+6 = 8<br \/>Camille a eu 8 = Soven<\/h3>\n<p>[\/et_pb_text][et_pb_button button_url=\u00a0\u00bb#horosdeniers\u00a0\u00bb button_text=\u00a0\u00bbD\u00e9couvrez la signification de votre signe ci-dessous\u00a0\u00bb button_alignment=\u00a0\u00bbcenter\u00a0\u00bb _builder_version=\u00a0\u00bb4.10.7&Prime; _module_preset=\u00a0\u00bbdefault\u00a0\u00bb custom_button=\u00a0\u00bbon\u00a0\u00bb button_text_size=\u00a0\u00bb22px\u00a0\u00bb button_text_color=\u00a0\u00bb#FFFFFF\u00a0\u00bb button_bg_color=\u00a0\u00bb#aa6320&Prime; button_border_width=\u00a0\u00bb0px\u00a0\u00bb button_border_radius=\u00a0\u00bb55px\u00a0\u00bb button_letter_spacing=\u00a0\u00bb1px\u00a0\u00bb button_font=\u00a0\u00bbRoboto|300|||||||\u00a0\u00bb button_icon=\u00a0\u00bb%%20%%\u00a0\u00bb locked=\u00a0\u00bboff\u00a0\u00bb global_colors_info=\u00a0\u00bb{}\u00a0\u00bb][\/et_pb_button][\/et_pb_column][\/et_pb_row][\/et_pb_section][et_pb_section fb_built=\u00a0\u00bb1&Prime; _builder_version=\u00a0\u00bb4.10.7&Prime; _module_preset=\u00a0\u00bbdefault\u00a0\u00bb background_color=\u00a0\u00bb#ff9111&Prime; background_enable_image=\u00a0\u00bboff\u00a0\u00bb custom_margin=\u00a0\u00bb-9px|||||\u00a0\u00bb custom_padding=\u00a0\u00bb||0px|||\u00a0\u00bb locked=\u00a0\u00bboff\u00a0\u00bb global_colors_info=\u00a0\u00bb{}\u00a0\u00bb][et_pb_row column_structure=\u00a0\u00bb1_2,1_2&Prime; use_custom_gutter=\u00a0\u00bbon\u00a0\u00bb gutter_width=\u00a0\u00bb1&Prime; module_id=\u00a0\u00bbhorosdeniers\u00a0\u00bb _builder_version=\u00a0\u00bb4.10.7&Prime; _module_preset=\u00a0\u00bbdefault\u00a0\u00bb background_enable_color=\u00a0\u00bboff\u00a0\u00bb width_tablet=\u00a0\u00bb\u00a0\u00bb width_phone=\u00a0\u00bb85%\u00a0\u00bb width_last_edited=\u00a0\u00bbon|tablet\u00a0\u00bb border_radii=\u00a0\u00bboff|||40px|40px\u00a0\u00bb locked=\u00a0\u00bboff\u00a0\u00bb global_colors_info=\u00a0\u00bb{}\u00a0\u00bb][et_pb_column type=\u00a0\u00bb1_2&Prime; _builder_version=\u00a0\u00bb4.10.6&Prime; _module_preset=\u00a0\u00bbdefault\u00a0\u00bb global_colors_info=\u00a0\u00bb{}\u00a0\u00bb][et_pb_text _builder_version=\u00a0\u00bb4.10.7&Prime; _module_preset=\u00a0\u00bbdefault\u00a0\u00bb header_font=\u00a0\u00bbHandlee||||||||\u00a0\u00bb header_text_align=\u00a0\u00bbcenter\u00a0\u00bb header_text_color=\u00a0\u00bb#000000&Prime; header_3_font=\u00a0\u00bbHandlee||||||||\u00a0\u00bb header_3_line_height=\u00a0\u00bb1.4em\u00a0\u00bb background_color=\u00a0\u00bbRGBA(0,0,0,0)\u00a0\u00bb width=\u00a0\u00bb65%\u00a0\u00bb width_tablet=\u00a0\u00bb100%\u00a0\u00bb width_phone=\u00a0\u00bb100%\u00a0\u00bb width_last_edited=\u00a0\u00bbon|tablet\u00a0\u00bb module_alignment=\u00a0\u00bbcenter\u00a0\u00bb border_radii=\u00a0\u00bbon|14px|14px|14px|14px\u00a0\u00bb global_colors_info=\u00a0\u00bb{}\u00a0\u00bb]<\/p>\n<h3><span style=\"color: #6e2e2b;\"><strong>CAMAZO, le visionnaire :<\/strong> les natifs en Camazo ont de bonnes capacit\u00e9s pour pr\u00e9dire les r\u00e9ussites \u00e9conomiques.<br \/>Ce sont souvent des agents ou des conseillers financiers.<\/span><\/h3>\n<h3><span style=\"color: #6e2e2b;\"><br \/><strong>HURARA, la temp\u00eate et le feu :<\/strong> les natifs en Hurara ont des temp\u00e9raments forts. Non pas qu\u2019ils aient mauvais caract\u00e8re, ils savent juste ce qu\u2019ils veulent et comment l\u2019obtenir.<\/span><\/h3>\n<h3><span style=\"color: #6e2e2b;\"><br \/><strong>XAMEN, la guide :<\/strong> les natifs en Xamen sont dou\u00e9s pour voir les ficelles de la destin\u00e9e. Ils comprennent que la patience et la non-action cr\u00e9ent parfois plus d\u2019opportunit\u00e9s que foncer t\u00eate baiss\u00e9e.<br \/><\/span><\/h3>\n<h3><span style=\"color: #6e2e2b;\"><strong>KULKAN, le serpent \u00e0 plumes :<\/strong> les natifs en Kulkan ont tendance \u00e0 avoir deux polarit\u00e9s. La terre et l\u2019air se m\u00e9langent et l\u2019\u00e9quilibre n\u2019est pas toujours facile \u00e0 trouver. Ils excellent cependant dans l\u2019art d\u2019avoir toujours raison.<\/span><\/h3>\n<h3><span style=\"color: #6e2e2b;\"><br \/><strong>LOWAS, les esprits :<\/strong> les natifs en Lowas sont tr\u00e8s connect\u00e9s aux \u00e9nergies d\u2019outre-tombe. Ils sont toujours de bonne humeur et ne voient jamais la mort comme une fin. Ils pr\u00e9f\u00e8rent le rire \u00e0 la peur.<\/span><\/h3>\n<h3><\/h3>\n<p>[\/et_pb_text][\/et_pb_column][et_pb_column type=\u00a0\u00bb1_2&Prime; _builder_version=\u00a0\u00bb4.10.6&Prime; _module_preset=\u00a0\u00bbdefault\u00a0\u00bb global_colors_info=\u00a0\u00bb{}\u00a0\u00bb][et_pb_text _builder_version=\u00a0\u00bb4.10.7&Prime; _module_preset=\u00a0\u00bbdefault\u00a0\u00bb header_font=\u00a0\u00bbHandlee||||||||\u00a0\u00bb header_text_align=\u00a0\u00bbcenter\u00a0\u00bb header_text_color=\u00a0\u00bb#000000&Prime; header_3_font=\u00a0\u00bbHandlee||||||||\u00a0\u00bb header_3_line_height=\u00a0\u00bb1.4em\u00a0\u00bb background_color=\u00a0\u00bbRGBA(0,0,0,0)\u00a0\u00bb width=\u00a0\u00bb65%\u00a0\u00bb width_tablet=\u00a0\u00bb100%\u00a0\u00bb width_phone=\u00a0\u00bb100%\u00a0\u00bb width_last_edited=\u00a0\u00bbon|tablet\u00a0\u00bb module_alignment=\u00a0\u00bbcenter\u00a0\u00bb border_radii=\u00a0\u00bbon|14px|14px|14px|14px\u00a0\u00bb global_colors_info=\u00a0\u00bb{}\u00a0\u00bb]<\/p>\n<h3><span style=\"color: #6e2e2b;\"><strong>HEVIOSO, l\u2019oracle :<\/strong> les natifs en Hevioso sont souvent pr\u00e9destin\u00e9s<br \/>\u00e0 suivre des chemins de vie particuliers et c\u2019est ce qui fait qu\u2019ils ne vivent pas au m\u00eame rythme que les autres. Souvent en avance, ils passent beaucoup de temps \u00e0 attendre.<\/span><\/h3>\n<h3><span style=\"color: #6e2e2b;\"><br \/><strong>TCHEN, l\u2019\u00e9veilleur :<\/strong> les natifs en Tchen sont souvent tapis dans l\u2019ombre. Ce sont des personnes qui restent en retrait mais qui ont pourtant beaucoup d\u2019influence. Ils parlent peu, mais \u00e9coutent beaucoup.<\/span><\/h3>\n<h3><span style=\"color: #6e2e2b;\"><br \/><strong>SOVEN, la douce :<\/strong> les natifs en Soven sont les plus temp\u00e9r\u00e9s et optimistes. Ils aiment prendre soin des autres et leur apporter de bons conseils.<\/span><\/h3>\n<h3><span style=\"color: #6e2e2b;\"><br \/><strong>SEKHMET, la gu\u00e9risseuse :<\/strong> les natifs en Sekhmet ont l\u2019\u00e2me des gu\u00e9risseurs. Ils aiment apprendre, r\u00e9parer et transmettre.<\/span><\/h3>\n<p>[\/et_pb_text][\/et_pb_column][\/et_pb_row][\/et_pb_section]<\/p>\n","protected":false},"excerpt":{"rendered":"<p>L&rsquo;\u00eele de Deniers a un calendrier assez similaire \u00e0 celui de l\u2019\u00eele de Coupes, car, il y a fort longtemps, les deux \u00eeles se touchaient.\u00a0 Le signe astrologique de Deniersse calcule par num\u00e9rologie :On commence par additionnertous les chiffres de la date de naissance.Pour Camille, 15\/06\/2008 : 1+5+6+2+8 = 22On multiplie ce nombre par le [&hellip;]<\/p>\n","protected":false},"author":1,"featured_media":0,"parent":0,"menu_order":0,"comment_status":"closed","ping_status":"closed","template":"","meta":{"_et_pb_use_builder":"on","_et_pb_old_content":"","_et_gb_content_width":"","footnotes":""},"class_list":["post-143","page","type-page","status-publish","hentry"],"_links":{"self":[{"href":"https:\/\/arcazine.drakoo.fr\/index.php\/wp-json\/wp\/v2\/pages\/143","targetHints":{"allow":["GET"]}}],"collection":[{"href":"https:\/\/arcazine.drakoo.fr\/index.php\/wp-json\/wp\/v2\/pages"}],"about":[{"href":"https:\/\/arcazine.drakoo.fr\/index.php\/wp-json\/wp\/v2\/types\/page"}],"author":[{"embeddable":true,"href":"https:\/\/arcazine.drakoo.fr\/index.php\/wp-json\/wp\/v2\/users\/1"}],"replies":[{"embeddable":true,"href":"https:\/\/arcazine.drakoo.fr\/index.php\/wp-json\/wp\/v2\/comments?post=143"}],"version-history":[{"count":28,"href":"https:\/\/arcazine.drakoo.fr\/index.php\/wp-json\/wp\/v2\/pages\/143\/revisions"}],"predecessor-version":[{"id":2030,"href":"https:\/\/arcazine.drakoo.fr\/index.php\/wp-json\/wp\/v2\/pages\/143\/revisions\/2030"}],"wp:attachment":[{"href":"https:\/\/arcazine.drakoo.fr\/index.php\/wp-json\/wp\/v2\/media?parent=143"}],"curies":[{"name":"wp","href":"https:\/\/api.w.org\/{rel}","templated":true}]}}