{"id":145,"date":"2021-09-01T15:43:42","date_gmt":"2021-09-01T13:43:42","guid":{"rendered":"https:\/\/arcana.drakoo.fr\/?page_id=145"},"modified":"2021-10-12T15:08:50","modified_gmt":"2021-10-12T13:08:50","slug":"horoscope-epees","status":"publish","type":"page","link":"https:\/\/arcazine.drakoo.fr\/index.php\/horoscope-epees\/","title":{"rendered":"Horoscope \u00c9p\u00e9es"},"content":{"rendered":"<p>[et_pb_section fb_built=\u00a0\u00bb1&Prime; _builder_version=\u00a0\u00bb4.10.7&Prime; _module_preset=\u00a0\u00bbdefault\u00a0\u00bb background_image=\u00a0\u00bbhttps:\/\/arcazine.drakoo.fr\/wp-content\/uploads\/2021\/09\/Scan-55.jpg\u00a0\u00bb parallax=\u00a0\u00bbon\u00a0\u00bb custom_padding=\u00a0\u00bb0px||0px||true|\u00a0\u00bb bottom_divider_style=\u00a0\u00bbclouds2&Prime; bottom_divider_color=\u00a0\u00bb#923590&Prime; bottom_divider_height=\u00a0\u00bb142px\u00a0\u00bb locked=\u00a0\u00bboff\u00a0\u00bb global_colors_info=\u00a0\u00bb{}\u00a0\u00bb][et_pb_row column_structure=\u00a0\u00bb1_2,1_2&Prime; custom_padding_last_edited=\u00a0\u00bbon|phone\u00a0\u00bb _builder_version=\u00a0\u00bb4.10.7&Prime; _module_preset=\u00a0\u00bbdefault\u00a0\u00bb max_width=\u00a0\u00bb2543px\u00a0\u00bb custom_padding=\u00a0\u00bb108px||184px|||\u00a0\u00bb custom_padding_tablet=\u00a0\u00bb||137px||false|false\u00a0\u00bb custom_padding_phone=\u00a0\u00bb||172px||false|false\u00a0\u00bb global_colors_info=\u00a0\u00bb{}\u00a0\u00bb][et_pb_column type=\u00a0\u00bb1_2&Prime; _builder_version=\u00a0\u00bb4.10.7&Prime; _module_preset=\u00a0\u00bbdefault\u00a0\u00bb global_colors_info=\u00a0\u00bb{}\u00a0\u00bb][et_pb_image src=\u00a0\u00bbhttps:\/\/arcazine.drakoo.fr\/wp-content\/uploads\/2021\/09\/Horoscope-Epee.png\u00a0\u00bb title_text=\u00a0\u00bbHoroscope-Epee\u00a0\u00bb show_in_lightbox=\u00a0\u00bbon\u00a0\u00bb align=\u00a0\u00bbcenter\u00a0\u00bb _builder_version=\u00a0\u00bb4.10.7&Prime; _module_preset=\u00a0\u00bbdefault\u00a0\u00bb custom_padding=\u00a0\u00bb||0px|||\u00a0\u00bb hover_transition_duration=\u00a0\u00bb600ms\u00a0\u00bb scroll_rotating_enable=\u00a0\u00bbon\u00a0\u00bb scroll_rotating=\u00a0\u00bb0|50|50|100|0\u00b0|0|30\u00b0\u00a0\u00bb global_colors_info=\u00a0\u00bb{}\u00a0\u00bb][\/et_pb_image][\/et_pb_column][et_pb_column type=\u00a0\u00bb1_2&Prime; _builder_version=\u00a0\u00bb4.10.7&Prime; _module_preset=\u00a0\u00bbdefault\u00a0\u00bb global_colors_info=\u00a0\u00bb{}\u00a0\u00bb][et_pb_text _builder_version=\u00a0\u00bb4.10.7&Prime; _module_preset=\u00a0\u00bbdefault\u00a0\u00bb header_3_font=\u00a0\u00bbHandlee||||||||\u00a0\u00bb header_3_font_size=\u00a0\u00bb21px\u00a0\u00bb header_3_line_height=\u00a0\u00bb1.6em\u00a0\u00bb background_color=\u00a0\u00bb#FFFFFF\u00a0\u00bb width=\u00a0\u00bb100%\u00a0\u00bb module_alignment=\u00a0\u00bbcenter\u00a0\u00bb custom_margin=\u00a0\u00bb150px||50px||false|false\u00a0\u00bb custom_margin_tablet=\u00a0\u00bb172px||51px||false|false\u00a0\u00bb custom_margin_phone=\u00a0\u00bb0px||||false|false\u00a0\u00bb custom_margin_last_edited=\u00a0\u00bbon|desktop\u00a0\u00bb custom_padding=\u00a0\u00bb27px||27px||true|false\u00a0\u00bb border_radii=\u00a0\u00bbon|50px|50px|50px|50px\u00a0\u00bb global_colors_info=\u00a0\u00bb{}\u00a0\u00bb]<\/p>\n<h3 style=\"text-align: center;\"><span style=\"font-size: x-large;\"><strong><span style=\"color: #4a3b80;\">Le calendrier de l\u2019\u00eele d\u2019\u00c9p\u00e9es comporte quatre saisons,<br \/>plus une demi-saison entre chaque saison.<\/span><\/strong><\/span><\/h3>\n<h3 style=\"text-align: center;\"><span style=\"color: #4a3b80;\">Par rapport \u00e0 notre calendrier : <\/span><br \/><span style=\"color: #4a3b80;\">le signe Hydre = d\u00e9cembre <\/span><br \/><span style=\"color: #4a3b80;\">Simurgh = janvier<\/span><br \/><span style=\"color: #4a3b80;\">Liche = f\u00e9vrier<\/span><\/h3>\n<h3 style=\"text-align: center;\"><span style=\"text-decoration: underline; color: #4a3b80;\">Exemple avec Camille. <\/span><br \/><span style=\"color: #4a3b80;\">Date de naissance : 15\/06\/2008 <\/span><br \/><span style=\"color: #4a3b80;\"><strong>Le signe de Camille est : Wendigo = juin<\/strong><\/span><\/h3>\n<p>[\/et_pb_text][et_pb_button button_url=\u00a0\u00bb#horosepee\u00a0\u00bb button_text=\u00a0\u00bbD\u00e9couvrez la signification de votre signe ci-dessous\u00a0\u00bb button_alignment=\u00a0\u00bbcenter\u00a0\u00bb _builder_version=\u00a0\u00bb4.10.7&Prime; _module_preset=\u00a0\u00bbdefault\u00a0\u00bb custom_button=\u00a0\u00bbon\u00a0\u00bb button_text_size=\u00a0\u00bb22px\u00a0\u00bb button_text_color=\u00a0\u00bb#FFFFFF\u00a0\u00bb button_bg_color=\u00a0\u00bb#6d1b86&Prime; button_border_width=\u00a0\u00bb0px\u00a0\u00bb button_border_radius=\u00a0\u00bb55px\u00a0\u00bb button_letter_spacing=\u00a0\u00bb1px\u00a0\u00bb button_font=\u00a0\u00bbRoboto|300|||||||\u00a0\u00bb button_icon=\u00a0\u00bb%%20%%\u00a0\u00bb locked=\u00a0\u00bboff\u00a0\u00bb global_colors_info=\u00a0\u00bb{}\u00a0\u00bb][\/et_pb_button][\/et_pb_column][\/et_pb_row][\/et_pb_section][et_pb_section fb_built=\u00a0\u00bb1&Prime; next_background_color=\u00a0\u00bb#ffffff\u00a0\u00bb _builder_version=\u00a0\u00bb4.10.7&Prime; _module_preset=\u00a0\u00bbdefault\u00a0\u00bb background_color=\u00a0\u00bb#923590&Prime; background_enable_image=\u00a0\u00bboff\u00a0\u00bb custom_margin=\u00a0\u00bb-9px|||||\u00a0\u00bb custom_padding=\u00a0\u00bb0px||103px|||\u00a0\u00bb bottom_divider_style=\u00a0\u00bbclouds\u00a0\u00bb bottom_divider_height=\u00a0\u00bb144px\u00a0\u00bb locked=\u00a0\u00bboff\u00a0\u00bb global_colors_info=\u00a0\u00bb{}\u00a0\u00bb][et_pb_row column_structure=\u00a0\u00bb1_2,1_2&Prime; use_custom_gutter=\u00a0\u00bbon\u00a0\u00bb gutter_width=\u00a0\u00bb1&Prime; custom_padding_last_edited=\u00a0\u00bbon|phone\u00a0\u00bb module_id=\u00a0\u00bbhorosepee\u00a0\u00bb _builder_version=\u00a0\u00bb4.10.7&Prime; _module_preset=\u00a0\u00bbdefault\u00a0\u00bb background_enable_color=\u00a0\u00bboff\u00a0\u00bb custom_padding=\u00a0\u00bb72px|||||\u00a0\u00bb custom_padding_tablet=\u00a0\u00bb0px||||false|false\u00a0\u00bb custom_padding_phone=\u00a0\u00bb0px||||false|false\u00a0\u00bb scroll_scaling_enable=\u00a0\u00bbon\u00a0\u00bb scroll_scaling=\u00a0\u00bb0|50|50|100|90%|100|100&Prime; border_radii=\u00a0\u00bboff|||40px|40px\u00a0\u00bb locked=\u00a0\u00bboff\u00a0\u00bb global_colors_info=\u00a0\u00bb{}\u00a0\u00bb][et_pb_column type=\u00a0\u00bb1_2&Prime; _builder_version=\u00a0\u00bb4.10.6&Prime; _module_preset=\u00a0\u00bbdefault\u00a0\u00bb global_colors_info=\u00a0\u00bb{}\u00a0\u00bb][et_pb_text _builder_version=\u00a0\u00bb4.10.7&Prime; _module_preset=\u00a0\u00bbdefault\u00a0\u00bb header_font=\u00a0\u00bbHandlee||||||||\u00a0\u00bb header_text_align=\u00a0\u00bbcenter\u00a0\u00bb header_text_color=\u00a0\u00bb#000000&Prime; header_3_font=\u00a0\u00bbHandlee||||||||\u00a0\u00bb header_3_text_color=\u00a0\u00bbrgba(255,255,255,0.73)\u00a0\u00bb header_3_line_height=\u00a0\u00bb1.4em\u00a0\u00bb background_color=\u00a0\u00bbRGBA(0,0,0,0)\u00a0\u00bb width=\u00a0\u00bb65%\u00a0\u00bb width_tablet=\u00a0\u00bb100%\u00a0\u00bb width_phone=\u00a0\u00bb100%\u00a0\u00bb width_last_edited=\u00a0\u00bbon|phone\u00a0\u00bb module_alignment=\u00a0\u00bbcenter\u00a0\u00bb border_radii=\u00a0\u00bbon|14px|14px|14px|14px\u00a0\u00bb global_colors_info=\u00a0\u00bb{}\u00a0\u00bb]<\/p>\n<h3><strong>SIMURGH :<\/strong> les natifs en Simurgh d\u00e9gagent une aura flamboyante. Ils savent se r\u00e9inventer et voir le positif en toute chose. C\u2019est une chance d\u2019avoir un Simurgh \u00e0 ses c\u00f4t\u00e9s.<\/h3>\n<p>&nbsp;<\/p>\n<h3><strong>LICHE<\/strong> : les natifs en Liche sont excentriques et d\u00e9routants. On ne sait jamais vraiment ce qu\u2019ils pensent et ils s\u2019en amusent beaucoup. On ne s\u2019ennuie jamais avec eux.<\/h3>\n<p>&nbsp;<\/p>\n<h3><strong>SPHINX :<\/strong> les natifs en Sphinx sont sages et pr\u00e9venants. Ils sont toujours de bon conseil et faciles \u00e0 vivre. Calmes, ils savent trouver les mots \u00e0 n\u2019importe quel mal.<\/h3>\n<p>&nbsp;<\/p>\n<h3><strong>BASILIC :<\/strong> les natifs en Basilic sont tr\u00e8s charismatiques et obtiennent tout ce qu\u2019ils veulent. On appr\u00e9cie leur pr\u00e9sence hypnotique et mystique.<\/h3>\n<p>&nbsp;<\/p>\n<h3><strong>CERB\u00c8RE :<\/strong> les natifs en Cerb\u00e8re sont des personnes \u00e0 qui on peut se confier sans crainte. Souvent timides, ils ont tendance \u00e0 garder leurs avis et sentiments pour eux.<\/h3>\n<p>&nbsp;<\/p>\n<h3><strong>WENDIGO :<\/strong> les natifs en Wendigo sont tr\u00e8s li\u00e9s aux \u00e9nergies cosmiques. Ils sont souvent capables de voir derri\u00e8re le voile des apparences. \u00c9vitez de leur mentir, ils le sauront.<\/h3>\n<p>[\/et_pb_text][\/et_pb_column][et_pb_column type=\u00a0\u00bb1_2&Prime; _builder_version=\u00a0\u00bb4.10.6&Prime; _module_preset=\u00a0\u00bbdefault\u00a0\u00bb global_colors_info=\u00a0\u00bb{}\u00a0\u00bb][et_pb_text _builder_version=\u00a0\u00bb4.10.7&Prime; _module_preset=\u00a0\u00bbdefault\u00a0\u00bb header_font=\u00a0\u00bbHandlee||||||||\u00a0\u00bb header_text_align=\u00a0\u00bbcenter\u00a0\u00bb header_text_color=\u00a0\u00bb#000000&Prime; header_3_font=\u00a0\u00bbHandlee||||||||\u00a0\u00bb header_3_text_color=\u00a0\u00bbrgba(255,255,255,0.73)\u00a0\u00bb header_3_line_height=\u00a0\u00bb1.4em\u00a0\u00bb background_color=\u00a0\u00bbRGBA(0,0,0,0)\u00a0\u00bb width=\u00a0\u00bb65%\u00a0\u00bb width_tablet=\u00a0\u00bb100%\u00a0\u00bb width_phone=\u00a0\u00bb100%\u00a0\u00bb width_last_edited=\u00a0\u00bbon|phone\u00a0\u00bb module_alignment=\u00a0\u00bbcenter\u00a0\u00bb border_radii=\u00a0\u00bbon|14px|14px|14px|14px\u00a0\u00bb global_colors_info=\u00a0\u00bb{}\u00a0\u00bb]<\/p>\n<h3><strong>GOLEM :<\/strong> les natifs en Golem sont mall\u00e9ables et se remettent facilement en question. Ils font des amis extraordinaires quand ils vous accordent leur confiance.<\/h3>\n<p>&nbsp;<\/p>\n<h3><strong>DOMOVO\u00cf :<\/strong> les natifs en Domovo\u00ef sont pr\u00e9venants et fid\u00e8les. Le bien-\u00eatre de leur entourage est prioritaire pour eux. Cr\u00e9er un foyer confortable est dans leur nature.<\/h3>\n<p>&nbsp;<\/p>\n<h3><strong>MANTiCORE :<\/strong> les natifs en Manticore sont impulsifs et opportunistes. Ce sont de redoutables n\u00e9gociateurs et ils mettent tout en \u0153uvre pour r\u00e9ussir leurs projets.<\/h3>\n<p>&nbsp;<\/p>\n<h3><strong>GARGOUILLE :<\/strong> les natifs en Gargouille sont protecteurs et observateurs. Rien n\u2019\u00e9chappe \u00e0 leur regard ac\u00e9r\u00e9.<\/h3>\n<p>&nbsp;<\/p>\n<h3><strong>GRIFFON :<\/strong> les natifs en Griffon sont aventureux et parfois t\u00e9m\u00e9raires. Rien ne les effraie et leurs jugements sont souvent bons.<\/h3>\n<p>&nbsp;<\/p>\n<h3><strong>HYDRE :<\/strong> les natifs en Hydre sont \u00e0 l\u2019aise dans n\u2019importe quelle situation. Capables de rev\u00eatir plusieurs casquettes, les Hydres jonglent facilement d\u2019un projet \u00e0 l\u2019autre.<\/h3>\n<p>[\/et_pb_text][\/et_pb_column][\/et_pb_row][\/et_pb_section]<\/p>\n","protected":false},"excerpt":{"rendered":"<p>Le calendrier de l\u2019\u00eele d\u2019\u00c9p\u00e9es comporte quatre saisons,plus une demi-saison entre chaque saison. Par rapport \u00e0 notre calendrier : le signe Hydre = d\u00e9cembre Simurgh = janvierLiche = f\u00e9vrier Exemple avec Camille. Date de naissance : 15\/06\/2008 Le signe de Camille est : Wendigo = juinSIMURGH : les natifs en Simurgh d\u00e9gagent une aura flamboyante. [&hellip;]<\/p>\n","protected":false},"author":1,"featured_media":0,"parent":0,"menu_order":0,"comment_status":"closed","ping_status":"closed","template":"","meta":{"_et_pb_use_builder":"on","_et_pb_old_content":"","_et_gb_content_width":"","footnotes":""},"class_list":["post-145","page","type-page","status-publish","hentry"],"_links":{"self":[{"href":"https:\/\/arcazine.drakoo.fr\/index.php\/wp-json\/wp\/v2\/pages\/145","targetHints":{"allow":["GET"]}}],"collection":[{"href":"https:\/\/arcazine.drakoo.fr\/index.php\/wp-json\/wp\/v2\/pages"}],"about":[{"href":"https:\/\/arcazine.drakoo.fr\/index.php\/wp-json\/wp\/v2\/types\/page"}],"author":[{"embeddable":true,"href":"https:\/\/arcazine.drakoo.fr\/index.php\/wp-json\/wp\/v2\/users\/1"}],"replies":[{"embeddable":true,"href":"https:\/\/arcazine.drakoo.fr\/index.php\/wp-json\/wp\/v2\/comments?post=145"}],"version-history":[{"count":27,"href":"https:\/\/arcazine.drakoo.fr\/index.php\/wp-json\/wp\/v2\/pages\/145\/revisions"}],"predecessor-version":[{"id":2027,"href":"https:\/\/arcazine.drakoo.fr\/index.php\/wp-json\/wp\/v2\/pages\/145\/revisions\/2027"}],"wp:attachment":[{"href":"https:\/\/arcazine.drakoo.fr\/index.php\/wp-json\/wp\/v2\/media?parent=145"}],"curies":[{"name":"wp","href":"https:\/\/api.w.org\/{rel}","templated":true}]}}